5173 prime?
False
Is 63569729 a prime number?
True
Is 10238733511 a composite number?
False
Is 25012360327 composite?
True
Is 13291719613 a prime number?
True
Is 1459103057 a composite number?
False
Is 126447281459 composite?
True
Is 468429963 a composite number?
True
Is 1666042897 prime?
False
Is 12062367653 prime?
False
Is 5108491769 a composite number?
True
Is 429394633 composite?
False
Is 38654666735 a prime number?
False
Is 231663821 prime?
False
Is 28821744569 composite?
True
Is 12158002139 prime?
True
Is 1675678703 a composite number?
True
Is 1922354867 prime?
False
Is 33242831711 a prime number?
True
Is 19339771085 composite?
True
Is 844431097 composite?
True
Is 2780031467 a prime number?
True
Is 130480249 prime?
False
Is 4633707737 prime?
False
Is 10349999873 composite?
False
Is 437159951 a composite number?
False
Is 2004878597 prime?
True
Is 3657684029 composite?
False
Is 77429513 a prime number?
False
Is 218376671 prime?
False
Is 6113563153 a composite number?
False
Is 4464474511 a prime number?
False
Is 5966349409 prime?
True
Is 20736829871 a prime number?
False
Is 44789375201 a composite number?
False
Is 2833156561 a prime number?
False
Is 1049918161 prime?
True
Is 3199253671 a composite number?
False
Is 118087134301 prime?
False
Is 93344121503 a prime number?
True
Is 9711039971 prime?
True
Is 268195627 prime?
False
Is 591726253 a prime number?
False
Is 6221663999 composite?
False
Is 1767748777 prime?
True
Is 22861324599 a prime number?
False
Is 2411741359 composite?
False
Is 375399959489 composite?
True
Is 6772579297 a prime number?
False
Is 25435066567 prime?
False
Is 9261729011 a prime number?
False
Is 3176779 prime?
True
Is 16338240731 a prime number?
True
Is 48924781105 prime?
False
Is 125450561 a prime number?
True
Is 361339327 composite?
True
Is 8623590893 composite?
False
Is 15829952335 composite?
True
Is 7694750429 prime?
True
Is 208987388221 a composite number?
False
Is 68254577 a composite number?
False
Is 42782873027 composite?
True
Is 10328817617 a prime number?
True
Is 12973798307 composite?
True
Is 127965263 a prime number?
True
Is 14931527747 a composite number?
False
Is 3664986179 prime?
False
Is 3812874061 a composite number?
False
Is 264178539739 a prime number?
True
Is 5526043801 composite?
True
Is 453473473 a prime number?
True
Is 5734851433 prime?
False
Is 478445173 a prime number?
True
Is 922994593 composite?
True
Is 93564581161 a prime number?
True
Is 9290580701 a composite number?
False
Is 82206230767 a composite number?
False
Is 16121936051 prime?
False
Is 4006765993 prime?
True
Is 55186231 a prime number?
False
Is 2014446449 a composite number?
False
Is 20861024473 prime?
True
Is 22099922821 composite?
True
Is 19381274923 a composite number?
False
Is 1365353207 a prime number?
True
Is 3231183874 a prime number?
False
Is 2743147949 a prime number?
False
Is 31932250963 a prime number?
True
Is 441066031 a composite number?
True
Is 23483794879 a prime number?
True
Is 766461893 a composite number?
True
Is 1070359733 prime?
False
Is 365244559 a prime number?
True
Is 8596570309 prime?
True
Is 691024907 a composite number?
True
Is 10839353999 a composite number?
False
Is 18341456095 prime?
False
Is 2944240087 composite?
False
Is 4066130273 prime?
False
Is 29922271493 a prime number?
False
Is 3988867577 a composite number?
False
Is 92591549 prime?
True
Is 2848714627 a prime number?
False
Is 4407577 a prime number?
True
Is 618356579 a composite number?
True
Is 65484712309 composite?
False
Is 38825824769 a prime number?
True
Is 4319156903 a prime number?
True
Is 48200109949 a prime number?
True
Is 100935422683 composite?
False
Is 5719001 a prime number?
True
Is 1316438309 a composite number?
False
Is 2917588867 composite?
False
Is 49254622841 prime?
False
Is 1193078897 prime?
False
Is 7364141699 composite?
True
Is 39818837 composite?
True
Is 24399379 a composite number?
False
Is 17165018671 a composite number?
False
Is 28836724879 composite?
False
Is 13248525887 prime?
False
Is 377453627 a composite number?
True
Is 53325689073 prime?
False
Is 2668226417 prime?
False
Is 1190798681 composite?
False
Is 24720830947 a prime number?
True
Is 3691584551 composite?
True
Is 13850210827 a prime number?
True
Is 2472695221 a prime number?
True
Is 187555457 a prime number?
True
Is 3003004709 prime?
False
Is 1389782603 a composite number?
True
Is 2521527458 a prime number?
False
Is 486993571 prime?
True
Is 4303246691 a composite number?
False
Is 1102854919 composite?
True
Is 1735201703 composite?
False
Is 43005197501 a composite number?
True
Is 44968696159 a prime number?
True
Is 4316470643 prime?
True
Is 8722382995 a prime number?
False
Is 4637178737 composite?
False
Is 674504171 prime?
False
Is 18598613926 prime?
False
Is 214543967 a composite number?
True
Is 39151324441 prime?
False
Is 2258137129 a composite number?
False
Is 29964282727 a prime number?
True
Is 22513720543 a composite number?
True
Is 4610454873 prime?
False
Is 276167306 composite?
True
Is 820545554 composite?
True
Is 3191193989 a prime number?
True
Is 10829715511 a composite number?
False
Is 7880037573 a composite number?
True
Is 10041839103 a composite number?
True
Is 10922478706 a composite number?
True
Is 19381670173 a prime number?
False
Is 1187043503 prime?
True
Is 6374005361 prime?
True
Is 16513863973 prime?
True
Is 2992798829 a prime number?
True
Is 1999006979 a prime number?
True
Is 82830928211 composite?
False
Is 1682016299 prime?
True
Is 21204146267 a prime number?
False
Is 2222587571 a composite number?
True
Is 140841323 a prime number?
False
Is 105563446451 a composite number?
False
Is 901015789 composite?
False
Is 36044576569 a composite number?
True
Is 665102731 a prime number?
True
Is 126541388177 prime?
True
Is 1516493777 composite?
False
Is 6240628699 a composite number?
False
Is 31346691157 prime?
False
Is 3413616343 a composite number?
False
Is 347151089 prime?
True
Is 864441217 composite?
True
Is 7341376963 prime?
True
Is 61129640402 prime?
False
Is 82545124462 composite?
True
Is 1908630743 a prime number?
True
Is 36729136627 composite?
True
Is 421066169 a prime number?
True
Is 99868711 a composite number?
False
Is 37987608917 prime?
False
Is 83034814373 a prime number?
False
Is 297465937 prime?
True
Is 3913262443 prime?
True
Is 14409723949 prime?
False
Is 676999877 a composite number?
False
Is 27994928579 a prime number?
False
Is 8035862963 a composite number?
True
Is 27261104929 a composite number?
True
Is 688775203 composite?
False
Is 168286093159 a composite number?
False
Is 24766659829 composite?
False
Is 84174031 prime?
True
Is 3152494357 a composite number?
True
Is 56111533859 a prime number?
False
Is 4145698381 prime?
False
Is 8033008573 a composite number?
False
Is 8273856947 prime?
True
Is 695548481 prime?
True
Is 23443960591 composite?
False
Is 23779864942 a prime number?
False
Is 26661247637 a composite number?
False
Is 3220426541 composite?
False
Is 3650153603 a prime number?
True
Is 1708462529 prime?
False
Is 149387453863 a composite number?
False
Is 10929332951 a composite number?
False
Is 2057200161 composite?
True
Is 4838526863 prime?
True
Is 4502195003 composite?
False
Is 15538484287 composite?
True
Is 11384438683 a prime number?
True
Is 731186683 a composite number?
True
Is 7243544782 a prime number?
False
Is 73944075437 prime?
False
Is 37508642503 prime?
True
Is 54978470893 a prime number?
False
Is 82523947 composite?
True
Is 910843933 composite?
True
Is 10603993691 composite?
False
Is 17112957451 composite?
True
Is 289847443 prime?
False
Is 20057084027 composite?
False
Is 13453889803 composite?
True
Is 2779504877 composite?
False
Is 5902793693 composite?
False
Is 1162183577 composite?
True
Is 166154773 composite?
False
Is 7773669649 a composite number?
False
Is 1888407481 a composite number?
True
Is 392417023 a composite number?
True
Is 15437765633 a composite number?
True
Is 373641665 a composite number?
True
Is 16497848593 a prime number?
True
Is 791056969 composite?
True
Is 113307011 a composite number?
True
Is 23313050819 composite?
False
Is 2065952653 composite?
False
Is 12925670803 a prime number?
False
Is 8213399581 a composite number?
True
Is 88367753 a prime number?
False
Is 18317684879 a prime number?
Fals